alculate the greatest common factor of j and 9.
9
Let c(d) = d**3 - 22*d**2 + 28*d + 5. Let o be c(22). Suppose -o*q + 120 = -619*q. What is the highest common divisor of q and 140?
20
Let m(i) = 42*i**3 - 5*i + 6. Let w be m(2). Let j = w + -309. What is the highest common divisor of 391 and j?
23
Suppose g + 5*s - 17 = 51, -220 = -5*g - s. Suppose 60 = a + 22. Let v = g - a. What is the highest common divisor of 2 and v?
1
Let w = 147 + -156. Let n(k) = 4*k**2 - 12*k. Let o be n(w). Calculate the greatest common divisor of 48 and o.
48
Let u(g) = -2*g**2 + 17*g + 12. Let o be u(9). Let j be o/((-9)/(-12)) - -1. Let a(r) = -r - 1. Let p be a(-2). Calculate the greatest common factor of j and p.
1
Let j be -2 - ((-15)/20 + (-219)/12). Suppose 0 = 22*z - j*z - 85. What is the highest common divisor of z and 221?
17
Suppose -4*m + 437 = -5*t, -74 + 521 = -5*t - m. Let x = -86 - t. Suppose -2 = z - x*z. Calculate the highest common divisor of z and 5.
1
Suppose 3*d - 210 = -3*l + 8*l, -5*l - 30 = 0. Calculate the highest common divisor of 276 and d.
12
Let b(y) = -957*y + 5595. Let z be b(5). Calculate the greatest common factor of 2916 and z.
162
Let a = 7263 + -7246. Suppose 5*x + 2*g = -95 + 435, -g = 0. Calculate the highest common factor of x and a.
17
Let u = 16063 + -10275. Suppose 0 = -3*l - x + 3470, -5*l + u = -10*x + 7*x. What is the highest common factor of l and 13?
13
Let w(r) = 2*r**3 + 16*r**2 + r - 38. Let d be w(-6). What is the greatest common divisor of 540 and d?
20
Let q(w) = -w + 1. Let j be q(2). Let l = 0 - j. Suppose 0 = b + 31 - 32. Calculate the greatest common divisor of b and l.
1
Let s(n) = 2*n**2 + 29*n - 13. Let d be s(-19). Suppose 5*v - 42 = d. What is the highest common divisor of v and 120?
40
Suppose 32*c + 8*c - 14*c - 312 = 0. What is the greatest common divisor of 1536 and c?
12
Suppose -10*n = 16871 - 45991. What is the highest common factor of n and 91?
91
Let q = 51 - 37. Let k = q - 11. Suppose k*x - z = 239, 243 = 3*x - z + 4*z. Calculate the highest common factor of x and 20.
20
Suppose -35*p + 33*p - 4 = 0. Let z(n) = -52*n - 4. Let j be z(p). What is the greatest common divisor of j and 150?
50
Suppose 4*r + 3*a - 2*a - 42 = 0, 4*a = r - 19. Let s = -219 + 494. Calculate the highest common factor of s and r.
11
Let i = 407 - 631. Let f be (-98)/(-16) - (-28)/i. What is the greatest common factor of f and 54?
6
Let d(t) = 30*t + 63. Let c be d(5). Suppose 4*b = 5*j + 153, 12*b - 7*b + j - c = 0. What is the greatest common divisor of b and 30?
6
Let q = -20 + 25. Suppose q = 4*l - 7, m + 6 = 3*l. Suppose m*i = -0*i + 105. Calculate the highest common divisor of 5 and i.
5
Let w be ((-8)/(-20) - 8/20*-19) + 612. Calculate the greatest common divisor of w and 60.
20
Let g(i) = 12*i**2 - 7*i - 1. Let y be g(-1). Let l be ((-375)/135 - 4/y) + 267. Calculate the highest common factor of l and 44.
44
Let d be 950/190 + 214/1. Calculate the highest common factor of d and 27375.
219
Let z(f) = -50*f**3 + 4*f**2 + 31*f + 56. Let h be z(-2). Calculate the highest common divisor of 164 and h.
82
Suppose 5*s + 0*w = 5*w + 1995, 3*s - 1232 = -4*w. Suppose -3*f + 440 = s. Calculate the greatest common divisor of f and 156.
12
Suppose 10*u - 188 - 12 = 0. Suppose 5*h - 5*m = -332 - 343, -4*m = -u. Let n = -91 - h. Calculate the highest common factor of n and 52.
13
Suppose -249 - 555 = -4*b - 4*w, -w = -2*b + 420. Calculate the greatest common factor of b and 936.
9
Let k(g) = 24*g - 11. Let y be k(5). Suppose -3*h + y = 5*w, -3*h = 4*w + h - 92. Suppose -8*r + 102 = -18. Calculate the greatest common factor of r and w.
5
Let x be ((-63)/84)/(2/(-40)). Suppose -2*g - x = -143. Suppose 128 = 6*i + 2*i. Calculate the highest common divisor of g and i.
16
Let n be ((355 - 5) + -6 - 6) + -8. What is the greatest common factor of n and 480?
30
Let a = 0 - 0. Let u = -3933 - -4409. Suppose a = -7*d + 112 + u. Calculate the highest common factor of d and 24.
12
Let k = -28 - -39. Suppose -989*b = -167*b - 117546. What is the greatest common divisor of k and b?
11
Let b(c) = -649*c - 117. Let v be b(-3). Calculate the greatest common factor of v and 60.
30
Let r(u) = -u**2 + 10*u + 4. Let a be r(6). Let z(l) = -l**2 + 20*l - 79. Let y be z(14). Let p = y - -247. What is the greatest common divisor of a and p?
28
Let t = 4758 - 4350. Calculate the greatest common factor of 192 and t.
24
Suppose -3*h - 5*y + 288 = 0, -3*y - 266 + 112 = -2*h. Let r be 773 + 1 + (2 - 2). Calculate the highest common factor of h and r.
86
Let o be (-1 + (-4)/4*-2)*-42. Let p = -34 - o. Suppose -p*r + 2017 = 433. What is the highest common factor of 18 and r?
18
Let w = -1011 - -1383. Let q = -16 + 28. Calculate the highest common factor of q and w.
12
Let u(l) = 12*l - 1. Let i be u(-1). Let m = 5 - i. Let o(s) = -210*s + 8664. Let g be o(41). Calculate the greatest common divisor of g and m.
18
Let q = 137 - 131. Calculate the highest common divisor of q and 642.
6
Suppose 3*x + 3*y = 12, -2*x + 1 = -4*x + y. Let a be (9 + 46/(-5))*(x - 336). Calculate the highest common divisor of 603 and a.
67
Let n = -3211 - -3221. Calculate the greatest common divisor of n and 15.
5
Let v be (280 + -283)/(6/230*40/(-1136)). What is the greatest common divisor of v and 1136?
142
Suppose -74*s = 506 - 3170. Calculate the highest common factor of 30 and s.
6
Let x be (-624080)/696*((-4)/14 + (-192)/210). Calculate the highest common divisor of x and 32.
4
Let l be (12 + (-4 - 77/11))*5145. What is the highest common divisor of l and 42?
21
Let f(l) = 2*l + 33. Let p = 105 + -109. Let b(y) = -y - 32. Let q(x) = p*b(x) - 3*f(x). Let u be q(7). Calculate the highest common factor of u and 45.
15
Let n(k) = 23*k**2 + 12*k - 26. Let r be n(2). Let i(h) = 4*h - 40. Let x be i(15). Calculate the highest common factor of r and x.
10
Let v(w) = -w**2 - 140*w - 2842. Let s be v(-115). Calculate the highest common factor of 825 and s.
33
Let i = -21354 + 21366. Calculate the highest common divisor of i and 9444.
12
Let u = 6006 + -5418. Calculate the greatest common factor of u and 637.
49
Let z = -79256 - -139008. Calculate the highest common divisor of 56 and z.
56
Let z = 4757 - 4718. What is the highest common divisor of z and 45?
3
Suppose -2*w - 3*h + 19 = -53, 5*w - 157 = 4*h. What is the greatest common factor of w and 13926?
33
Let g(z) = z**3 - 9*z**2 + 14*z. Let j be -1*1 + 32/(0 + 4). Let s be g(j). Suppose -756 = -9*m - s*m. Calculate the highest common divisor of m and 28.
28
Let q(r) = 15*r**3 - 16*r**2 + 33*r - 10. Let g be q(2). Calculate the greatest common factor of 96 and g.
16
Let x be (3/(-4))/(7/224*-1). Suppose -4*w = -5*r + 15, -2*r + 3*w - 5*w = -6. What is the greatest common factor of x and r?
3
Let c(t) = -2*t - 33. Let j be c(-24). Let l(w) = w + 3. Let q be l(j). Calculate the greatest common factor of 1 and q.
1
Suppose -3*l + 78 = -0*l. Suppose -4082 = -66*z - 36*z - 212*z. Calculate the greatest common factor of z and l.
13
Let m be (-96 + 108)/((-6)/(-32)). What is the greatest common factor of 216 and m?
8
Suppose 0 = -5*j - 2*w + 4994, 115*j - 120*j - 5*w = -4970. What is the highest common divisor of j and 6?
6
Suppose 37*z - 33*z = -4*m + 1496, z = m - 382. Calculate the highest common divisor of 42 and m.
42
Suppose -13*u + 54 = -7*u. Let o(a) = -2*a + 38. Let z be o(u). Suppose 2 = -3*b + z. Calculate the highest common divisor of b and 72.
6
Let r be -1 + 0 - 5/(10/(-4)). Let t be (-4 + r)/(72/(-54))*4. Calculate the greatest common divisor of 297 and t.
9
Let m(o) = 3*o**2 - 94*o - 3347. Let g be m(-34). What is the highest common factor of 186 and g?
31
Let u be (-875)/28 + 30 + (-5361)/(-4). Calculate the greatest common divisor of 39 and u.
13
Suppose -4*h + 12534 = -10*p + 9*p, 2*h - 2*p = 6276. What is the highest common factor of 928 and h?
116
Let s be (-15 + 81)/(10/3105). Calculate the greatest common factor of 99 and s.
99
Let z be 11/55 + 19/5. Suppose 2*y + 2 = -z, -4*m - 4*y + 228 = 0. Suppose -2*q + 30 = 3*q. What is the greatest common divisor of q and m?
6
Let n(m) = 88*m**2 - 29*m**2 + 36*m**2 + 50*m**2 + 5 + 6*m. Let j be n(-1). What is the greatest common divisor of 9 and j?
9
Suppose 0 = -i - 2*l + 295